of -2 - 9 - 2 - -11?
-2
(24 - 3) + (-6 - (-11 - -13))
13
Evaluate 118 - 128 - (-13 - 0).
3
Calculate -4 + (-66 + 63 - (-5 + -1)).
-1
What is the value of (31 + -1 + 64 + -72 - 3) + 3?
22
Calculate -16 - -3 - (-13 + -22 + 30).
-8
What is 11 + 8 + 2 + 0?
21
Evaluate -8 + (-4 - 1 - 4 - -14) - 16.
-19
(-22 - 3) + 78 + -61
-8
Calculate 12 - 4 - 5 - (-6 - -12).
-3
Calculate -9 + (2 - -3) - -6 - (18 - 5).
-11
Calculate -11 + 35 + -25 + -16.
-17
Calculate -18 - (-3 + -49 + -2 + 4).
32
Calculate -9 + (58 + -47 - (-2 + 17)).
-13
What is the value of 818 + -817 - ((22 - 2) + 0)?
-19
What is 1 - (-6 + (-2 - -10))?
-1
Calculate -24 - (-54 + 23) - (-2 + 21 + 1).
-13
Calculate 3 - (4 + -6 + -6 + 13).
-2
What is 4 + (8 - -1 - 6) + 2 + 0?
9
Evaluate -10 + 15 - -10 - 19.
-4
Calculate -18 - (5 - (9 - -3)) - -28.
17
Evaluate -19 - (3 + 4 + -45).
19
What is 11 + -10 + 14 + (0 - 7 - 0)?
8
(11 - 1) + 2 + (11 + 9 - 27)
5
-2 + ((2 - -23) + -3 - (-27 + 35))
12
What is 6 + -2 - (14 - 3) - 16?
-23
-9 - -1 - ((-15 - (4 + -1)) + 24)
-14
What is the value of 2 + -4 + (11 - -2 - 12) - 14?
-15
What is (-12 - -13) + (1 + 2 - 19 - -1)?
-14
What is the value of 5 + (4 - (7 + -9 + -5))?
16
What is (-15 - 9) + 26 + (-4 - 0)?
-2
What is the value of (16 - 11) + -1 - (1 + 8)?
-5
Calculate -3 - (-2 - (1 - 5 - -3)) - -12.
10
(-2 - -3) + (11 - 5 - (-11 + 26))
-8
What is the value of 26 - (13 + 1 - (13 - (-19 - -23)))?
21
-230 - -220 - (-16 + 1)
5
-14 - (-3 + -10 + -4)
3
What is 7 - (5 + -2 + (1 - 5)) - -5?
13
What is 1 + 0 + 0 + (-407 - -410)?
4
Calculate -24 + 7 + 3 - -14.
0
Evaluate -7 + -9 - ((2 - -16) + -27).
-7
-4 + 7 + -9 + -1 + 15 + -25
-17
Calculate -4 + 1 - -2 - (7 + -9 + -7).
8
5 + (-7 - -3) - 1 - (-6 + 2)
4
-22 + 14 + -36 + 31
-13
What is -8 - (3 + (14 - 5 - 3 - 2))?
-15
Evaluate -9 - (-3 + (-6 - 2)).
2
Evaluate -30 - ((-18 - -24) + -21).
-15
6 - (15 + (3 - 2)) - (-73 + 40)
23
What is 32 + 17 + -19 + -15?
15
8 - (4 + -1 - 5) - -30
40
What is -1 + -2 + (56 - 42)?
11
11 - (13 + 34 + -33)
-3
Calculate (-1 - 2) + 25 + 2 + -12.
12
(58 - 39) + -27 + (8 - 0)
0
What is -1 - 15 - (-9 + 3) - (-6 - 25)?
21
-27 - (-12 + 21 + -18)
-18
What is the value of -6 + (5 - (5 - 10)) - -3?
7
-20 + 7 + (20 - 13)
-6
What is -11 + -6 - (-4 - -6 - (2 + -3))?
-20
Evaluate (2 + (4 - 7) - (-5 - -8)) + -8.
-12
Evaluate -29 + (52 + -9 - 24).
-10
Evaluate 31 - (28 + -3) - 34.
-28
What is the value of 6 - 16 - (-10 - 7)?
7
Evaluate -90 + 101 - (1 + 8) - -21.
23
Calculate -19 - -23 - -2 - (4 + 4).
-2
Evaluate -5 + 16 + -3 + 5 + (0 - -6).
19
Calculate 12 + -3 - (12 + -11).
8
What is (8 - 0) + -6 + -8 + -5?
-11
Calculate 13 - (1 + -5 + (13 - 2)).
6
(2 + 7 - 42) + (20 - 5)
-18
What is 4 + 34 - (51 - 7)?
-6
Calculate -1 - (5 + 7 + -3 - 0).
-10
What is 1 + (20 - 10 - 15 - -3)?
-1
What is 5 + -5 + -9 + 7 + 3?
1
Calculate 51 + -59 + 0 + 1 - (-1 - 15).
9
What is the value of 8 - 84 - -74 - ((1 - -2) + 2)?
-7
What is the value of 6 - (26 + -11 - 3 - (-2 + 42))?
34
Evaluate -29 + 26 + -10 - 1.
-14
What is -23 - (-33 + -1) - -3?
14
6 + -13 + -1 + 7 + -23
-24
What is -12 + 5 + 14 - -1?
8
-14 + 10 - 1 - 6
-11
Evaluate 14 - 0 - (493 - 480).
1
What is 58 + -66 - (2 + 0 - 6)?
-4
What is the value of (-12 - (-49 - -8)) + -9?
20
-10 - ((-13 - 7) + 7 - (-1 - 0))
2
Evaluate 13 - 0 - ((31 - 30) + (-6 - 3)).
21
Calculate -279 + 293 + -2 + -1.
11
Calculate 60 - (2 + 5) - 38.
15
What is 0 + 0 + -20 + (232 - 225)?
-13
What is the value of 4 + 0 + 15 + -8?
11
Evaluate (-3 - -3) + -8 + -2 + -1.
-11
(-15 - -3) + -12 + 4 + (-10 - -12)
-18
-22 - -18 - (19 - 32)
9
Calculate -1 + -10 + (195 - 169).
15
What is 5 - (10 + 5) - -17?
7
7 - (30 - 16) - -8
1
What is the value of 90 - 94 - (13 - 5)?
-12
Evaluate 15 + -9 + (-4 - -12) + 14 + -14.
14
Calculate -20 + 1 - (389 - 379).
-29
Calculate 4 - -2 - (-56 + 80 + -17).
-1
What is the value of -9 + (33 - 32) + 0 + 0 + -2?
-10
Evaluate 11 + (2 - 0 - 7 - (22 + -26)).
10
What is 4 + 5 + -11 + -16 - 0?
-18
What is 22 + -3 - 10 - -9?
18
What is (-4 - -21 - -18) + -15?
20
Calculate (-6 + 1 - -15) + (4 + -14 - -10).
10
Evaluate 8 + 13 - (13 + (-2 - 4)).
14
-8 - (-20 + (13 - 4))
3
What is -14 + 19 + -5 + 1 + 0?
1
Calculate -1 + 2 + -16 + (2 - -31).
18
Calculate -4 + (-27 - -21) + 16.
6
What is the value of 8 + -9 + -2 + -9 + 8?
-4
What is (0 + -6 - (-312 - -318)) + -3?
-15
9 - 16 - (1 - (-4 + 6))
-6
Calculate 11 + (10 - (7 + 1)).
13
6 + 12 + -1 + (-3 - 0) + 5
19
Calculate -2 + (4 - -6) + -7 + 3 + 1.
5
(-7 - -1) + (71 - 44 - 20) - -11
12
What is -9 - -1 - (-89 + -57 + 104)?
34
Calculate 8 - (7 + -1 - 12).
14
What is the value of -25 + (53 - 9) + 12?
31
Evaluate -30 + 10 + 0 + (-92 - -79) + 8.
-25
Calculate -161 + 165 + 0 + -3 + 9 - -31.
41
What is (-28 - (15 - 30)) + 12?
-1
Calculate -3 + 6 + (-67 - -46).
-18
What is 8 - (-7 - -8 - (-5 + -1 + 10))?
11
Evaluate -7 + -4 + (-9 - -24).
4
Evaluate 13 + -22 - (6 + -5 + -1 + -14).
5
What is 18 - (-13 + (60 - 18))?
-11
-8 - (-10 - -7) - (-7 + 5)
-3
What is the value of 5 + 20 + -12 + 1?
14
What is the value of (-4 - 1) + 227 + -247 + (1 - -1)?
-23
Calculate -2 + 0 + -3 - (11 + -8).
-8
-10 + (0 - 2 - -2) - -27
17
What is the value of -5 + 7 - ((-6 - 10) + (-1 - -6))?
13
43 + -11 - (30 - 0)
2
What is -8 + (0 + 11 - 3 - (-1 + 4))?
-3
9 - ((-7 - -14) + -7 - 2)
11
Calculate 4 - (-6 + 0) - 3 - 8 - 24.
-25
Evaluate -16 + (16 + 1 - 8).
-7
Evaluate -7 - -8 - -5 - (-5 - (-1 - -3)).
13
What is 7 + (9 - 18 - -7) - (1 + 18)?
-14
What is -17 + 3 + -45 + 61?
2
(20 - 30) + -13 + 33
10
What is 3 + ((-15 - 1) + 7 - (-1 + -15))?
10
What is (27 - 6) + -9 + -6 + 1?
7
Calculate -15 + 12 + -4 + 1 + -1 - -1.
-6
Calculate -6 - ((4 - 12) + 2 + -21 - -7).
14
-56 + 3 + 36 + -17
-34
Calculate -5 - (-1 - (7 - 2 - 10)).
-9
What is the value of -4 - -14 - (-18 + 43 + -15)?
0
What is the value of -4 + 5 + 4 + (-9 - -13)?
9
Calculate -17 - ((18 - 26) + 15 + 1 - 7).
-18
What is the value of (6 + -5 - (-9 + 1)) + 7 + -3?
13
(-5 - 3 - -29 - 1) + -8
12
Evaluate (-7 + 4 - -3 - (16 + 1)) + 5.
-12
Evaluate -10 - (-1 - (-1 + 2)).
-8
What is -24 - (15 - 25) - -19?
5
6 + (0 - ((7 - -4) + -3)) - 11
-13
Evaluate 7 + -1 - (2 - (-2 + (-17 - -4))).
-11
What is the value of 20 + -9 + 5 - 8 - -5?
13
What is the value of 17 + -2 + -6 + -3?
6
Evaluate -17 + -11 + 6 + (35 - 24).
-11
(5 + 7 - 3) + -19
-10
16 + 24 + (-17 - 0) + -11
12
What is 34 - (11 + -2) - (12 - -1)?
12
Calculate 6 + -1 - (-15 - (-14 - -9)).
15
14 - (38 + (16 - (-12 + 38)))
-14
(-6 + 11 - 10) + 0 - -11
6
1 + (15 + -1 + -24 - (-4 - 0))
-5
What is 47 + -36 - (2 - 3)?
12
Evaluate 31 + (-24 - 18) + 22.
11
Calculate -43 + (13 - -38) + 0 + -3.
5
Calculate (-1 - -16) + (-13 + -1 - -2 - -6).
9
Evaluate -19 + 13 + 4 + 15.
13
Calculate -1 + -3 - (-2 + (20 - 15)).
-7
Calculate (-14 + 9 - -11) + 6.
12
Evaluate 1 + (-13 - 0) + (-8 - (-20 + 9)).
-9
Calculate 8 - -44 - (10 + 7) - 10.
25
What is the value of 15 + -2 + 375 + -374?
14
Evaluate 17 - ((12 - (11 + 14)) + -1 + 6).
25
Evaluate 13 + -3 + -25 + 9.
-6
What is the value of (-1 + -12 - -30) + (-3 + 2 - 4)?
12
Calculate 27 - (-1 + 4 + 92 + -85).
17
-164 + 153 - (2 + -1)
-12
What is the value of 37 - (5 - ((23 - 10) + -11 + -8))?
26
What is the value of -48 - (-29 - -12) - -56?
25
Calculate 5 + 1 - ((-10 - (3 - 1)) + 10).
8
Calculate 2 + -16 - (-2 + 5 + -94 + 90).
-13
Evaluate (29 - 7) + -17 + 6.
11
What is the value of 0 - (11 + -17 + 16)?
-10
What is 2 + (9 - 2 - (-4 - -6))?
7
What is (-1 - (-1 + 1)) + -19 + 10 + 3?
-7
What is the value of -31 + 6 + 20 + -7?
-12
What is (139 - 144) + (-3 + 2 - 5) + 3?
-8
What is 32 + 6 + -7 + 29 + -31?
29
What is the value of -31 + 18 + 43 + -20?
10
What is -3 - -4 - ((11 - 7) + 7 + -1)?
-9
0 - 9 - -5 - (-1 - (2 + -1))
-2
Evaluate 5 + -23 + -7 + 8 + -5.
-22
Calculate (5 - (2 - -5 - -3)) + -7.
-12
Calculate 99 + -93 + -15 + 0 + 2 + -7.
-14
Evaluate 10 + (8 - 13) + 0 - 18.
-13
Calculate (-1 - 1) + 1 + (8 - 10).
-3
(48 - 52) + -5 + -2 + 4 + 0
-7
What is (-12 - (-11 - 8)) + -14 - 5?
-12
What is the value of (6 - -3) + -7 - 8 - (3 + -2)?
-7
Evaluate 19 - (-1 - -16 - 6).
10
Evaluate 16 + (29 - 25) + -6 + -1.
13
What is the value of -73 + 81 - (22 - 0) - -9?
-5
What is the value of 7 - ((-6 + 3 - -1) + 14)?
-5
(-2 - -26) + (-474 - -438)
-12
Calculate -25 + -48 + 114 + -52.
-11
C